{"id":8,"date":"2019-01-13T19:58:51","date_gmt":"2019-01-13T18:58:51","guid":{"rendered":"http:\/\/rallyecorse.com\/?page_id=8"},"modified":"2020-12-03T12:03:38","modified_gmt":"2020-12-03T11:03:38","slug":"a-propos-de","status":"publish","type":"page","link":"https:\/\/rallyecorse.com\/index.php\/a-propos-de\/","title":{"rendered":"\u00c0 propos de nous"},"content":{"rendered":"<p>Lanc\u00e9 en Septembre 2001 le site de Rallyecorse.com s&rsquo;est rapidement impos\u00e9 comme la r\u00e9f\u00e9rence du rallye en Corse, avec des pr\u00e9sentations et r\u00e9sum\u00e9s d&rsquo;\u00e9preuves, des photos, et des vid\u00e9os. Pendant de nombreuses ann\u00e9es un forum a \u00e9galement \u00e9t\u00e9 disponible.<\/p>\n<p>En 2013 suite \u00e0 une activit\u00e9 moins fournie sur la plateforme du site, et la pr\u00e9sence toujours plus croissante des r\u00e9seaux sociaux, la page Facebook de Rallyecorse.com a \u00e9t\u00e9 cr\u00e9\u00e9e, continuant ainsi \u00e0 vous proposer des photos sur chacun des rallyes insulaires.&nbsp;<\/p>\n<p>En 2018 ce fut au tour de la page Instagram d&rsquo;\u00eatre cr\u00e9\u00e9e, afin de vous proposer un contenu toujours plus attractif.<\/p>\n<p>2019 marque ainsi un retour aux sources, avec le retour de notre site internet. Nous essayerons de vous renseigner au mieux de l&rsquo;actualit\u00e9 des rallyes en Corse, tout en vous proposant des photos.<\/p>\n<p>Merci pour votre int\u00e9r\u00eat et votre soutien.<\/p>\n<p>&#8212;&#8212;&#8212;&#8212;&#8212;&#8212;&#8212;<\/p>\n<p><strong>Rallyecorse dans la presse et les m\u00e9dias<br><\/strong><\/p>\n<p>Au fil des ann\u00e9es l&rsquo;\u00e9quipe de Rallyecorse.com a collabor\u00e9 avec plusieurs magazines, \u00e0 travers la publication de nombreuses photos, dans Auto Hebdo, Rallyes Magazine, Compte Tours, ou encore Baquet Magazine.<\/p>\n<p>A cela s&rsquo;ajoute des contributions photos avec notamment l&rsquo;ASA Bastiaise pour l&rsquo;\u00e9laboration d&rsquo;affiches d&rsquo;\u00e9preuves telle que la Ronde de la Giraglia.<\/p>\n<p>Retrouvez ci-dessous un floril\u00e8ge de ces articles, publications, et affiches.<\/p>\n<p>Merci \u00e0 toutes ces personnes pour leur confiance et leur reconnaissance de notre travail.<\/p>\n<p><strong><span style=\"color: #0000ff;\">Rallyes-Magazine<\/span><\/strong> n\u00b0288-289-290-293 (Janvier \u00e0 D\u00e9cembre 2020)<\/p>\nngg_shortcode_0_placeholder\n<p>Participation avec l\u2019ASA Bastiaise pour l\u2019affiche de la Giraglia 2020<\/p>\nngg_shortcode_1_placeholder\n<p><span style=\"color: #0000ff;\"><strong>Rallyes-Magazine<\/strong><\/span> n\u00b0283-284-285-286-287 (Mars \u00e0 D\u00e9cembre 2019)<\/p>\nngg_shortcode_2_placeholder\n<p>Participation avec l&rsquo;ASA Bastiaise pour l&rsquo;affiche de la Giraglia 2019<\/p>\n<p><a href=\"http:\/\/rallyecorse.com\/wp-content\/uploads\/2019\/02\/AfficheGiraglia-2019.jpg\" data-rel=\"lightbox-image-0\" data-rl_title=\"\" data-rl_caption=\"\" title=\"\"><img loading=\"lazy\" decoding=\"async\" class=\"alignnone size-medium wp-image-1359\" src=\"http:\/\/rallyecorse.com\/wp-content\/uploads\/2019\/02\/AfficheGiraglia-2019-214x300.jpg\" alt=\"\" width=\"214\" height=\"300\" srcset=\"https:\/\/rallyecorse.com\/wp-content\/uploads\/2019\/02\/AfficheGiraglia-2019-214x300.jpg 214w, https:\/\/rallyecorse.com\/wp-content\/uploads\/2019\/02\/AfficheGiraglia-2019.jpg 686w\" sizes=\"auto, (max-width: 214px) 100vw, 214px\" \/><\/a><\/p>\n<p>Dans le magazine <strong><span style=\"color: #0000ff;\">Fatti Ghjunsaninchi<\/span><\/strong> du mois de Juin 2018<\/p>\nngg_shortcode_3_placeholder\n<p>&nbsp;<\/p>\n<p>&nbsp;<\/p>\n<p><strong><span style=\"color: #0000ff;\">Auto-Hebdo<\/span><\/strong> n\u00b02107 du 29 Mars 2017 (en page 66 et 67)<\/p>\nngg_shortcode_4_placeholder\n<p>&nbsp;<\/p>\n<p><span style=\"color: #0000ff;\"><strong>Rally Plus<\/strong><\/span> (magazine japonais) Volume 12 du 23 D\u00e9cembre 2016 (en page 15 et 22)<\/p>\nngg_shortcode_5_placeholder\n<p>&nbsp;<\/p>\n<p>&nbsp;<\/p>\n<p><strong><span style=\"color: #0000ff;\">Auto-Hebdo<\/span><\/strong> n\u00b02093 du 14 D\u00e9cembre 2016 (en page 12 et 13)<\/p>\nngg_shortcode_6_placeholder\n<p>&nbsp;<\/p>\n<p><strong><span style=\"color: #0000ff;\">Press Kit Toyota Gazoo Racing <\/span><\/strong><span style=\"color: #0000ff;\"><span style=\"color: #000000;\">du 13 D\u00e9cembre 2016<\/span><\/span><span style=\"color: #000000;\">,<\/span> en page 1 avec la photo de JM Latvala<\/p>\nngg_shortcode_7_placeholder\n<p>&nbsp;<\/p>\n<p>Participation avec l&rsquo;ASA Bastiaise pour l&rsquo;affiche de la Giraglia 2016<\/p>\n<p><a href=\"http:\/\/rallyecorse.com\/wp-content\/uploads\/2019\/02\/AfficheGiraglia-2016.jpg\" data-rel=\"lightbox-image-1\" data-rl_title=\"\" data-rl_caption=\"\" title=\"\"><img loading=\"lazy\" decoding=\"async\" class=\"alignnone size-medium wp-image-1386\" src=\"http:\/\/rallyecorse.com\/wp-content\/uploads\/2019\/02\/AfficheGiraglia-2016-215x300.jpg\" alt=\"\" width=\"215\" height=\"300\" srcset=\"https:\/\/rallyecorse.com\/wp-content\/uploads\/2019\/02\/AfficheGiraglia-2016-215x300.jpg 215w, https:\/\/rallyecorse.com\/wp-content\/uploads\/2019\/02\/AfficheGiraglia-2016-768x1072.jpg 768w, https:\/\/rallyecorse.com\/wp-content\/uploads\/2019\/02\/AfficheGiraglia-2016-734x1024.jpg 734w, https:\/\/rallyecorse.com\/wp-content\/uploads\/2019\/02\/AfficheGiraglia-2016.jpg 1075w\" sizes=\"auto, (max-width: 215px) 100vw, 215px\" \/><\/a><\/p>\n<p>Participation avec l&rsquo;ASA Bastiaise pour l&rsquo;affiche de la Giraglia 2015<\/p>\n<p><a href=\"http:\/\/rallyecorse.com\/wp-content\/uploads\/2019\/02\/AfficheGiraglia-2015.jpg\" data-rel=\"lightbox-image-2\" data-rl_title=\"\" data-rl_caption=\"\" title=\"\"><img loading=\"lazy\" decoding=\"async\" class=\"alignnone size-medium wp-image-1387\" src=\"http:\/\/rallyecorse.com\/wp-content\/uploads\/2019\/02\/AfficheGiraglia-2015-215x300.jpg\" alt=\"\" width=\"215\" height=\"300\" srcset=\"https:\/\/rallyecorse.com\/wp-content\/uploads\/2019\/02\/AfficheGiraglia-2015-215x300.jpg 215w, https:\/\/rallyecorse.com\/wp-content\/uploads\/2019\/02\/AfficheGiraglia-2015.jpg 287w\" sizes=\"auto, (max-width: 215px) 100vw, 215px\" \/><\/a><\/p>\n<p>Dans le magazine <span style=\"color: #0000ff;\"><strong>Compte-Tours<\/strong><\/span> n\u00b0207, d&rsquo;Avril 2007<\/p>\nngg_shortcode_8_placeholder\n<p>Dans le magazine <strong><span style=\"color: #0000ff;\">Auto-Hebdo<\/span><\/strong> du 9 F\u00e9vrier&nbsp; 2005<\/p>\n<p><a href=\"http:\/\/rallyecorse.com\/wp-content\/uploads\/2019\/02\/AutoHebdo9Fevrier2005.jpg\" data-rel=\"lightbox-image-3\" data-rl_title=\"\" data-rl_caption=\"\" title=\"\"><img loading=\"lazy\" decoding=\"async\" class=\"alignnone size-medium wp-image-1356\" src=\"http:\/\/rallyecorse.com\/wp-content\/uploads\/2019\/02\/AutoHebdo9Fevrier2005-197x300.jpg\" alt=\"\" width=\"197\" height=\"300\" srcset=\"https:\/\/rallyecorse.com\/wp-content\/uploads\/2019\/02\/AutoHebdo9Fevrier2005-197x300.jpg 197w, https:\/\/rallyecorse.com\/wp-content\/uploads\/2019\/02\/AutoHebdo9Fevrier2005.jpg 287w\" sizes=\"auto, (max-width: 197px) 100vw, 197px\" \/><\/a><\/p>\n<p>Dans le magazine <span style=\"color: #0000ff;\"><strong>Echappement<\/strong> <\/span>du mois de Janvier 2005<\/p>\n<p><a href=\"http:\/\/rallyecorse.com\/wp-content\/uploads\/2019\/02\/EchappementJanvier2005.jpg\" data-rel=\"lightbox-image-4\" data-rl_title=\"\" data-rl_caption=\"\" title=\"\"><img loading=\"lazy\" decoding=\"async\" class=\"alignnone size-medium wp-image-1355\" src=\"http:\/\/rallyecorse.com\/wp-content\/uploads\/2019\/02\/EchappementJanvier2005-195x300.jpg\" alt=\"\" width=\"195\" height=\"300\" srcset=\"https:\/\/rallyecorse.com\/wp-content\/uploads\/2019\/02\/EchappementJanvier2005-195x300.jpg 195w, https:\/\/rallyecorse.com\/wp-content\/uploads\/2019\/02\/EchappementJanvier2005.jpg 350w\" sizes=\"auto, (max-width: 195px) 100vw, 195px\" \/><\/a><\/p>\n<p>Dans le magazine <span style=\"color: #0000ff;\"><strong>Echappement<\/strong> <\/span>du mois de Novembre 2003, en page 12<\/p>\n<p><a href=\"http:\/\/rallyecorse.com\/wp-content\/uploads\/2019\/02\/EchappementNovembre2003.jpg\" data-rel=\"lightbox-image-5\" data-rl_title=\"\" data-rl_caption=\"\" title=\"\"><img loading=\"lazy\" decoding=\"async\" class=\"alignnone size-medium wp-image-1354\" src=\"http:\/\/rallyecorse.com\/wp-content\/uploads\/2019\/02\/EchappementNovembre2003-215x300.jpg\" alt=\"\" width=\"215\" height=\"300\" srcset=\"https:\/\/rallyecorse.com\/wp-content\/uploads\/2019\/02\/EchappementNovembre2003-215x300.jpg 215w, https:\/\/rallyecorse.com\/wp-content\/uploads\/2019\/02\/EchappementNovembre2003.jpg 300w\" sizes=\"auto, (max-width: 215px) 100vw, 215px\" \/><\/a><\/p>\n<p>Le site \u00ab\u00a0Rallyecorse.com\u00a0\u00bb a \u00e9t\u00e9 prim\u00e9 \u00ab\u00a0site de la semaine\u00a0\u00bb dans le suppl\u00e9ment de <span style=\"color: #0000ff;\"><strong>Corse-Matin<\/strong><\/span> dans les pages \u00ab\u00a0Les rendez-vous de l&rsquo;Internet\u00a0\u00bb du n\u00b0123, de la semaine du 16 au 22 Novembre 2001<\/p>\nngg_shortcode_9_placeholder\n<p>Dans le <strong><span style=\"color: #0000ff;\">Rallyes Magazine<\/span><\/strong> du mois d&rsquo;Avril 2001, dans les pages du Comit\u00e9 Corse<\/p>\n<p><a href=\"http:\/\/rallyecorse.com\/wp-content\/uploads\/2019\/02\/Rallyes-Mag2001.jpg\" data-rel=\"lightbox-image-6\" data-rl_title=\"\" data-rl_caption=\"\" title=\"\"><img loading=\"lazy\" decoding=\"async\" class=\"alignnone size-medium wp-image-1353\" src=\"http:\/\/rallyecorse.com\/wp-content\/uploads\/2019\/02\/Rallyes-Mag2001-186x300.jpg\" alt=\"\" width=\"186\" height=\"300\" srcset=\"https:\/\/rallyecorse.com\/wp-content\/uploads\/2019\/02\/Rallyes-Mag2001-186x300.jpg 186w, https:\/\/rallyecorse.com\/wp-content\/uploads\/2019\/02\/Rallyes-Mag2001.jpg 208w\" sizes=\"auto, (max-width: 186px) 100vw, 186px\" \/><\/a><\/p>\n\n\n<p><\/p>\n","protected":false},"excerpt":{"rendered":"<p>Lanc\u00e9 en Septembre 2001 le site de Rallyecorse.com s&rsquo;est rapidement impos\u00e9 comme la r\u00e9f\u00e9rence du rallye en Corse, avec des&hellip; <a class=\"read-more\" href=\"https:\/\/rallyecorse.com\/index.php\/a-propos-de\/\">Continuer la lecture<\/a><\/p>\n","protected":false},"author":1,"featured_media":0,"parent":0,"menu_order":0,"comment_status":"closed","ping_status":"closed","template":"","meta":{"ngg_post_thumbnail":0,"footnotes":""},"class_list":["post-8","page","type-page","status-publish","hentry"],"_links":{"self":[{"href":"https:\/\/rallyecorse.com\/index.php\/wp-json\/wp\/v2\/pages\/8","targetHints":{"allow":["GET"]}}],"collection":[{"href":"https:\/\/rallyecorse.com\/index.php\/wp-json\/wp\/v2\/pages"}],"about":[{"href":"https:\/\/rallyecorse.com\/index.php\/wp-json\/wp\/v2\/types\/page"}],"author":[{"embeddable":true,"href":"https:\/\/rallyecorse.com\/index.php\/wp-json\/wp\/v2\/users\/1"}],"replies":[{"embeddable":true,"href":"https:\/\/rallyecorse.com\/index.php\/wp-json\/wp\/v2\/comments?post=8"}],"version-history":[{"count":21,"href":"https:\/\/rallyecorse.com\/index.php\/wp-json\/wp\/v2\/pages\/8\/revisions"}],"predecessor-version":[{"id":6175,"href":"https:\/\/rallyecorse.com\/index.php\/wp-json\/wp\/v2\/pages\/8\/revisions\/6175"}],"wp:attachment":[{"href":"https:\/\/rallyecorse.com\/index.php\/wp-json\/wp\/v2\/media?parent=8"}],"curies":[{"name":"wp","href":"https:\/\/api.w.org\/{rel}","templated":true}]}}